n base 16?
-cdda6
-287a72 (base 11) to base 9
-755047
What is -13863 (base 16) in base 2?
-10011100001100011
Convert 20202102221 (base 3) to base 7.
1062520
Convert 5cc4c (base 13) to base 2.
101001110011111101
422630 (base 8) to base 15
2ba4b
What is 1a5457 (base 12) in base 5?
104343400
-25030141 (base 6) to base 10
-797101
19398a (base 12) to base 10
442042
What is 2031303033 (base 4) in base 6?
20240543
What is -11d89ba (base 14) in base 2?
-100000110001010100111000
What is 15531025 (base 6) in base 3?
1001020222122
What is 440221443 (base 5) in base 16?
1cba7c
What is 157ac (base 15) in base 12?
34099
101842 (base 14) to base 4
2010113302
Convert 348008 (base 9) to base 12.
a10bb
-33384 (base 12) to base 7
-402013
What is -11010022121 (base 4) in base 5?
-314442034
Convert -231300013 (base 4) to base 14.
-4c419
1417421 (base 8) to base 9
671263
Convert -201202010001 (base 3) to base 11.
-245a99
Convert 303024 (base 6) to base 10.
23992
What is -135314 (base 9) in base 12?
-3b9a1
-2977895 (base 10) to base 9
-5537812
What is -a1326 (base 11) in base 8?
-441244
Convert 4425102 (base 6) to base 13.
79a39
-112210220020 (base 3) to base 14
-78353
What is 6665b7 (base 12) in base 7?
16562131
Convert 667634 (base 13) to base 12.
985a88
-440332403 (base 5) to base 4
-13030212023
Convert -1204340044 (base 5) to base 12.
-b35546
What is 221302114 (base 5) in base 12?
3a5200
Convert 2055425 (base 12) to base 3.
102110010220102
Convert -12a581 (base 15) to base 14.
-19456d
What is 20674 (base 14) in base 5?
4444420
Convert -14402000 (base 5) to base 11.
-a5262
What is 101555 (base 11) in base 7?
1246233
2d6fe (base 16) to base 7
1403411
16ad7 (base 14) to base 12
29005
Convert -ab3340 (base 12) to base 9.
-5107883
What is -100a1c (base 14) in base 2?
-10000011110010100010
-1201020020102 (base 3) to base 5
-213104330
Convert 1012110010002 (base 3) to base 12.
26973b
Convert -21110303 (base 5) to base 11.
-110010
3a277 (base 12) to base 11
55007
Convert -73614 (base 8) to base 9.
-45874
Convert -7c785 (base 13) to base 3.
-102120012000
What is -1010232213 (base 4) in base 5?
-33002021
Convert 331313341 (base 5) to base 15.
1d45eb
Convert 1469717 (base 10) to base 15.
1e0712
What is 548a3 (base 13) in base 4?
211113312
What is 42052316 (base 7) in base 14?
682d0d
738605 (base 10) to base 5
142113410
Convert -22808 (base 15) to base 13.
-3ac9a
What is -321420 (base 5) in base 9?
-15806
Convert -844 (base 13) to base 9.
-1834
10011000110001001111110 (base 2) to base 8
23061176
Convert 15233c (base 14) to base 13.
1ca030
-29056 (base 11) to base 6
-515150
-247305 (base 10) to base 2
-111100011000001001
Convert 22120221001 (base 3) to base 8.
512163
1413314 (base 6) to base 3
11001111101
18b8262 (base 12) to base 10
5218922
What is 17e8f (base 16) in base 8?
277217
Convert 1593844 (base 10) to base 3.
2222222100021
-292638 (base 11) to base 14
-bc924
-71866 (base 9) to base 8
-134404
What is b7d2c (base 15) in base 8?
2163453
-1271c (base 13) to base 4
-20111303
Convert -1202123311 (base 4) to base 6.
-12350341
What is -8738fc (base 16) in base 2?
-100001110011100011111100
What is -1433a4 (base 15) in base 3?
-1211102110201
-482741 (base 11) to base 9
-1385203
Convert 2141244 (base 7) to base 6.
5341450
11010111110010000 (base 2) to base 4
122332100
Convert -42b07 (base 13) to base 15.
-25a89
-1000001111000001010010 (base 2) to base 9
-4050126
-301223330 (base 5) to base 8
-4436711
-11010101202 (base 3) to base 9
-133352
What is 100001001110110111 (base 2) in base 16?
213b7
14660560 (base 8) to base 12
11647a8
-39755 (base 10) to base 7
-223622
Convert 1202030222 (base 4) to base 14.
a681c
What is 2c1041 (base 14) in base 13?
41b917
Convert 44294 (base 13) to base 7.
1023014
What is 414708 (base 10) in base 13?
1169b8
Convert 4042364 (base 7) to base 12.
1b249b
901a18 (base 11) to base 4
11202133303
Convert 12522013 (base 10) to base 7.
211302220
Convert -54777 (base 15) to base 12.
-10b334
-1000011001100111101 (base 2) to base 7
-2224340
-100bc9 (base 14) to base 15
-aa0a7
Convert 7795c (base 13) to base 15.
44404
What is 3325b3 (base 13) in base 8?
4461323
Convert -1ac1602 (base 14) to base 5.
-11410411230
Convert 1a1774 (base 12) to base 3.
212022122121
What is 216776 (base 11) in base 10?
345659
-101000101010110001101 (base 2) to base 7
-14220123
What is 1424 (base 6) in base 14?
1cc
-11120211120 (base 3) to base 8
-260244
Convert 4c816 (base 16) to base 15.
62cb1
-2057138 (base 9) to base 8
-4146152
What is 5754a7 (base 16) in base 4?
111311102213
406712 (base 11) to base 13
19b328
11a60c (base 13) to base 3
210111001010
-148ab56 (base 12) to base 3
-21211122212010
Convert -11000011111111110000 (base 2) to base 4.
-3003333300
-1535130 (base 6) to base 5
-10344213
-203424121 (base 5) to base 2
-11001101101010101011
Convert -455090 (base 11) to base 7.
-6104156
Convert -2010010120 (base 3) to base 7.
-232266
65417 (base 11) to base 4
113030123
-65aa8 (base 12) to base 13
-49379
a62d90 (base 14) to base 9
11510837
What is -355163 (base 7) in base 4?
-33223223
What is -41ba00 (base 12) in base 4?
-3331003200
What is 5411276 (base 11) in base 5?
4414041211
Convert 101211212000 (base 3) to base 9.
354760
Convert -475b (base 12) to base 7.
-32204
64909 (base 13) to base 14
4a2d6
-158d093 (base 14) to base 9
-21777036
Convert 111221222100 (base 3) to base 15.
56660
What is 121332201 (base 4) in base 13?
39579
What is 88797 (base 12) in base 4?
230021203
336892 (base 10) to base 7
2602123
-564137 (base 10) to base 3
-1001122211222
Convert 313204 (base 5) to base 16.
28bd
Convert -44535320 (base 6) to base 15.
-1ba176
-a0052 (base 14) to base 8
-1356350
-91563 (base 10) to base 15
-1c1e3
Convert -13354001 (base 7) to base 13.
-3456cb
What is 2a323 (base 11) in base 10?
42980
Convert -770a2 (base 15) to base 2.
-1011100010100101000
11010111001110010 (base 2) to base 3
12121011021
Convert 10233313310 (base 4) to base 11.
78014a
What is 1111200111 (base 3) in base 11?
20313
What is -16650b5 (base 13) in base 11?
-40a3351
Convert 1456353 (base 7) to base 8.
604725
-101010010000101100000 (base 2) to base 8
-5220540
What is -101101000110000010 (base 2) in base 12?
-8aa82
-2003131 (base 8) to base 7
-4320163
What is -11000110110010010000010 (base 2) in base 6?
-351340242
2761528 (base 10) to base 16
2a2338
Convert -96a (base 16) to base 11.
-18a1
What is -13e6d5 (base 15) in base 3?
-1210202221102
Convert -1103131411 (base 5) to base 3.
-11111201111102
What is 257629 (base 10) in base 3?
111002101211
What is 164c86 (base 13) in base 8?
2071161
What is 10112020110011 (base 3) in base 10?
1874587
-a4131 (base 12) to base 11
-137138
What is -11361025 (base 8) in base 15?
-34093e
2a33a (base 15) to base 16
21232
What is -629b40 (base 16) in base 15?
-879b32
Convert 725363 (base 9) to base 4.
1221011022
Convert -6a8a52 (base 11) to base 9.
-2103630
Convert -23464301 (base 8) to base 4.
-103212203001
What is -1672ac (base 13) in base 2?
-10001000010110110110
What is 2121140 (base 5) in base 7?
206234
-1736241 (base 8) to base 5
-112211131
Convert -11011001100001000 (base 2) to base 4.
-123030020
Convert 1125535 (base 7) to base 4.
202132330
-42211225 (base 7) to base 10
-3565945
-1047145 (base 11) to base 16
-1c11fc
Convert 7eec1 (base 16) to base 4.
1332323001
13304055 (base 6) to base 5
103203011
Convert -1486637 (base 11) to base 13.
-6acb42
What is 55040523 (base 7) in base 11?
2731085
133347 (base 8) to base 12
2311b
What is -418136 (base 9) in base 15?
-4da53
What is -213200103 (base 4) in base 9?
-265860
What is -51173 (base 14) in base 16?
-2fa31
c82e5 (base 16) to base 12
336605
Convert 7863 (base 12) to base 15.
3e33
214421 (base 6) to base 10
17869
What is 11111111100011100 (base 2) in base 6?
2445432
What is 1010111100001010111100 (base 2) in base 4?
22330022330
What is -1aa29 (base 16) in base 7?
-633032
What is 11302313 (base 6) in base 13?
c36a2
-2161334 (base 8) to base 3
-1002120212001
120120012020020 (base 3) to base 14
1154145
2322404 (base 7) to base 14
782ab
Convert 52130331 (base 6) to base 14.
2b2567
-110022021221 (base 3) to base 12
-b822a
Convert 2d3d9d (base 14) to base 2.
110000011001100110111
-120223 (base 12) to base 16
-46f3b
-6e4c4 (base 1